prime factors of y.
2
What are the prime factors of (0 + 2)/(10/75)?
3, 5
Suppose -2*w + 0*k = -3*k - 5, 3*w + 3*k = 0. Let d = w - 1. Suppose -z + 5*z - 20 = d. List the prime factors of z.
5
Let d be (8/2 - 0) + -4. List the prime factors of -3 - d - (-5 + -44).
2, 23
Let q(c) = -c + 11. Let p be q(12). Let k be ((-4)/2)/(p/5). Suppose -z + 2 = -k. List the prime factors of z.
2, 3
Let a = 2 - -3. Suppose a*c + y + 30 = 6*y, -2*y + 8 = 0. What are the prime factors of 4 - (0 - c) - -11?
13
Let y(q) = q**3 + 4*q**2 - 5*q - 2. Let k be y(-4). Let p = 35 - k. List the prime factors of p.
17
Suppose 2*m - 23 = 3*r, -5*m + 16 = -2*r - 47. What are the prime factors of m?
13
Let g(d) = -4*d**2 + 1. Let s be (-4)/(-2)*1/(-2). Let q be g(s). List the prime factors of 6/(-9) - 26/q.
2
Suppose -39 = -3*c + 93. List the prime factors of c.
2, 11
Suppose -m = -3*m + 2. List the prime factors of m*(-2)/(-6)*39.
13
Suppose 302 = 5*l - 2*f + 3*f, -f + 241 = 4*l. What are the prime factors of l?
61
Let s = 14 + 21. List the prime factors of s.
5, 7
Suppose -3*t + 13 = n, -t = 4*n + 6 - 3. What are the prime factors of t?
5
Suppose 6 = -m + 32. Suppose 4*v - m = 14. What are the prime factors of v?
2, 5
Let v(h) = -h**3 - 25*h**2 - 27*h + 27. List the prime factors of v(-24).
3, 11
What are the prime factors of (-4)/12*(-56 - 3)*3?
59
Suppose 3*t - 4*h + 1 = 0, -3*t - 4*h + 6 = -h. Let c be 8/3 - t/(-3). Suppose -3 = -c*m + 3. List the prime factors of m.
2
Suppose 2*n + 8*n - 2860 = 0. List the prime factors of n.
2, 11, 13
Let a be -1 + (-1 - -1) - -11. Suppose a - 2 = -4*r. What are the prime factors of (-4)/(r - 10/(-6))?
2, 3
Let u(s) = -2*s**3 - 5*s**2 - 5*s - 4. Let q(m) = -3*m**3 - 8*m**2 - 8*m - 6. Let b(n) = -5*q(n) + 7*u(n). List the prime factors of b(-3).
5
Suppose -192 = -0*s - 4*s. List the prime factors of s.
2, 3
Let i(l) = 3 + 4 - 2*l + 59*l**2 - 58*l**2. What are the prime factors of i(6)?
31
Suppose -370 + 55 = -5*p. What are the prime factors of p?
3, 7
Suppose 5*g - d - 854 + 238 = 0, g + 2*d - 132 = 0. List the prime factors of g.
2, 31
Let h(t) = t**2 - 5*t - 7. Let k be 150/24 + 3/4. What are the prime factors of h(k)?
7
Suppose 0 = -3*q + 2*q + 5*a - 16, -3*q - 12 = -3*a. Let z = 4 + q. List the prime factors of z.
3
Suppose -5*b = 5, 0 = j + 3*b - 37 - 28. What are the prime factors of j?
2, 17
Let a be (6/(-8))/(2/(-8)). Suppose -37 + 4 = -a*q. List the prime factors of q.
11
Let x(m) = -2*m**2 - 6*m - 10. Let g(s) = 3*s**2 + 6*s + 11. Let u(h) = 3*g(h) + 4*x(h). List the prime factors of u(8).
3
Let l(u) = 5*u**2 + u - 2. List the prime factors of l(-3).
2, 5
Let g = 40 + 38. List the prime factors of g.
2, 3, 13
Let y(v) = -v**3 + v**2 + 5*v - 3. Let w be y(3). Let r be 100/12 + 2/w. Suppose 2*i = s + 2*s + r, s = 3*i - 19. List the prime factors of i.
7
Let n = -27 + 75. Suppose -3*c + 2*c - n = -5*f, 24 = 2*f - 2*c. List the prime factors of f.
3
What are the prime factors of (2 + 2/4)/((-5)/(-230))?
5, 23
Let p = 7 - -4. What are the prime factors of p?
11
Let s be 2 + 2*(-1)/2. Let b = s - -12. Suppose 2*d - b = 19. What are the prime factors of d?
2
Let z be (7/2)/(5/10). Suppose z*n = 3*n + 56. What are the prime factors of n?
2, 7
Suppose 5*b = 3*h - 126, -4*b = -0*h - 3*h + 123. What are the prime factors of h?
37
List the prime factors of (-244)/(-6) - (-10)/(-15).
2, 5
Let f(v) = -v. Let s be f(-3). Let x be (s + -3 + 3)/1. What are the prime factors of (-9)/((x - 2)*-1)?
3
Let p = 27 - 26. What are the prime factors of (p - 1) + 435/15?
29
Let c(b) = -b**2 - 15*b - 16. List the prime factors of c(-12).
2, 5
Let m(t) = -4*t - 10. Suppose b - 2 = -2*o, 3*o = -2*o + 25. What are the prime factors of m(b)?
2, 11
Suppose 11 = -j - k, 0 = -2*j + 3*j + 2*k + 10. What are the prime factors of (-3)/(-2)*j/(-6)?
3
Let c = 0 - -3. Suppose 3*r = -c*w + w + 5, -3*r - 3*w + 3 = 0. List the prime factors of r.
3
Suppose -115 = -w + 2*w. Let l = -79 - w. List the prime factors of l.
2, 3
Suppose y = -5*u + 3*y + 136, -2*y - 52 = -2*u. List the prime factors of u.
2, 7
Let c be 0/((3 + -2)/1). Suppose c = -4*p + 4*m - 0*m + 164, 2*p - 5*m - 97 = 0. What are the prime factors of p?
2, 3
Let n = 36 + -5. Suppose n = 4*c + 3. List the prime factors of c.
7
Let p(z) = 0 + 1 - 2*z**2 - 3 - z + 0*z - 2*z**3. Suppose -3*r + 0*r - 6 = 0. What are the prime factors of p(r)?
2
Suppose -3*b = 3, -2*y = y + 3*b - 9. Suppose 0 = -o - y*v + 4 + 1, -o + v = 5. Let x(c) = c**2 - c. What are the prime factors of x(o)?
2, 3
Let t(g) = -3*g**2 + 10*g - 1. Let o(k) = 9*k**2 - 29*k + 3. Let i(s) = 6*o(s) + 17*t(s). What are the prime factors of i(3)?
2
Let g(z) = z**3 - 5*z**2 - 8*z - 1. Let p(w) = -w**3 + 10*w**2 - 7*w - 12. Let b be p(9). Let l be g(b). What are the prime factors of 0/(2/1) - l?
13
Let m(z) = z**2 + 3*z + 9. What are the prime factors of m(-9)?
3, 7
Let j(x) = 6 + 2*x**2 - 6*x - 3*x - 12*x**2 + 10*x**3 - 11*x**3. What are the prime factors of j(-9)?
2, 3
Suppose 0*h + 3*h - 45 = -2*u, 0 = -5*u - 3*h + 99. List the prime factors of u.
2, 3
Let i be (0 - (-1)/(-5))*-5. Let u be i/6*4*6. Suppose 45 = u*a + 17. List the prime factors of a.
7
Let f(y) = 3*y**3 - 11*y**2 + y + 12. List the prime factors of f(5).
3, 13
Let s = 10 + -6. Let x = s + 1. Suppose -2*o = -x*v + 4, 2*o + 5*v - 12 = 3*o. List the prime factors of o.
2
Let w be (-9)/(-2)*120/9. Suppose -q - w = 3*q. Let i = q - -22. What are the prime factors of i?
7
Suppose 0 = 32*b - 27*b - 100. List the prime factors of b.
2, 5
Let w = -152 + 219. Let j = w - 25. What are the prime factors of j?
2, 3, 7
Let r be (-2)/4 + 7/14. Suppose 0*k + 3*k - 3*b - 45 = r, 4 = -b. What are the prime factors of k?
11
Suppose -6*n - 78 = -372. List the prime factors of n.
7
Let d be (-2 - -1)/(2/(-24)). Let f = d + 0. What are the prime factors of (6/4)/(2/f)?
3
What are the prime factors of (-1 - (-6)/4)*(-124)/(-1)?
2, 31
Let w = -11 - -9. List the prime factors of w*2 + (4 - -15).
3, 5
Let c = 3 - -1. Let g be c/12 + 38/3. Suppose 0 = 4*t + 5*s - 5, 0 = -2*t + 5*s + g + 12. What are the prime factors of t?
5
Let c(h) be the second derivative of -h**4/12 - 5*h**3/3 - 7*h**2/2 + h. Suppose z + 24 = -3*t, 3*z + 3*t + 2*t + 52 = 0. List the prime factors of c(z).
2
Let t = -21 + 21. Suppose t = 10*p - 14*p + 92. What are the prime factors of p?
23
List the prime factors of (-1)/4 - 69/(-4).
17
Let c = -4 + 2. Let b(d) = -6*d. What are the prime factors of b(c)?
2, 3
Let m = 5 - 8. Let z(v) = 3*v**2 + 2*v + 2. List the prime factors of z(m).
23
Let v(j) = j**3 - 3*j**2 + 5*j + 4. List the prime factors of v(3).
19
Let r = -15 - -47. List the prime factors of r.
2
Let c = -6 - -2. Let v(n) = -5*n**2 - 2*n + 6. Let l(h) = -4*h**2 - h + 5. Let i(u) = 7*l(u) - 6*v(u). What are the prime factors of i(c)?
11
Suppose 5*l - 50 = -2*d, -d = -l + 4*l - 23. What are the prime factors of d?
5, 7
Let s be (0 - -2)/(4/2). List the prime factors of (4 - (s + 1))*7.
2, 7
Suppose -5*s = -4*s. Suppose -5*r - 15 = 3*p, -5*p = -s*p + r + 3. Suppose p = w + w + a - 22, -3*a - 33 = -5*w. List the prime factors of w.
3
Let g(t) = t**2 + 2*t + 9. Let n be g(0). Suppose s + n = 25. What are the prime factors of s?
2
What are the prime factors of (1*-6)/((-38)/57)?
3
Let j = -57 - -27. What are the prime factors of (j/(-20))/((-6)/(-40))?
2, 5
Let d be (-2)/(-6) + (-94)/(-6). Suppose -w = z - 6, 0 = -w - 4*w + 2*z + d. List the prime factors of w.
2
Let z(b) = -2 + 4*b - 4 + 1 + 2. What are the prime factors of z(4)?
13
Let q(f) = 6*f - 3. List the prime factors of q(5).
3
Let c(s) = -s**3 + 6*s**2 - 5*s + 3. Let p be c(5). Suppose 8 = f - p*f. Let u(g) = g**2 + 4*g + 4. What are the prime factors of u(f)?
2
List the prime factors of (-27)/(-6) - 2/(-4).
5
Suppose 3 = -2*u + 47. List the prime factors of u.
2, 11
Suppose p = 3*x + 4, -5*x = -4*p + 7 + 2. Let c be p + -2 + (-1 - -6). Suppose -2 - 14 = -c*j. What are the prime factors of j?
2
Let n = -17 + -3. List the prime factors of -1*35*8/n.
2, 7
Let d(b) be the second derivative of 11*b**7/1260 - b**5/120 + b**4/3 - 3*b. Let q(x) be the third derivative of d(x). What are the prime factors of q(-1)?
3, 7
Let m be 4*3/4 + -4. Let q be 0 + 5 - (m - -1). Suppose -5*p + 